{"id":19,"date":"2021-09-03T14:42:49","date_gmt":"2021-09-03T17:42:49","guid":{"rendered":"https:\/\/ifgoiano.com.br\/ifemmovimento\/?page_id=19"},"modified":"2022-04-18T11:42:10","modified_gmt":"2022-04-18T14:42:10","slug":"normas-de-publicacao","status":"publish","type":"page","link":"https:\/\/ifgoiano.com.br\/ifemmovimento\/?page_id=19","title":{"rendered":"Normas de publica\u00e7\u00e3o"},"content":{"rendered":"\n<h2 class=\"wp-block-heading\">Normas para publica\u00e7\u00e3o<\/h2>\n\n\n\n<p><\/p>\n\n\n\n<p class=\"justificado has-medium-font-size\">    Para publicar no Informativo IF em movimento, envie a proposta de mat\u00e9ria para o e-mail fausto.filho@ifgoiano.edu.br. O comit\u00ea editorial do IF em movimento far\u00e1 a sele\u00e7\u00e3o das propostas. Algumas publica\u00e7\u00f5es ser\u00e3o produzidas por pessoas convidadas e alguns t\u00f3picos fixos ser\u00e3o de responsabilidade de grupos espec\u00edficos do Campus Ceres do IF Goiano.<\/p>\n\n\n\n<p><\/p>\n\n\n\n<p><\/p>\n\n\n\n<p><\/p>\n\n\n\n<p><\/p>\n\n\n\n<p><\/p>\n\n\n\n<p><\/p>\n\n\n\n<p><\/p>\n\n\n\n<p><\/p>\n","protected":false},"excerpt":{"rendered":"<div class=\"slide-text-bg2\"><span>Normas para publica\u00e7\u00e3o Para publicar no Informativo IF em movimento, envie a proposta de mat\u00e9ria para o e-mail fausto.filho@ifgoiano.edu.br. O comit\u00ea e<\/span><\/div>\n<div class=\"slide-btn-area-sm\"><a href=\"https:\/\/ifgoiano.com.br\/ifemmovimento\/?page_id=19\" class=\"slide-btn-sm\">Ler mais<\/a><\/div>\n","protected":false},"author":1,"featured_media":0,"parent":0,"menu_order":0,"comment_status":"closed","ping_status":"closed","template":"","meta":{"footnotes":""},"class_list":["post-19","page","type-page","status-publish","hentry"],"_links":{"self":[{"href":"https:\/\/ifgoiano.com.br\/ifemmovimento\/index.php?rest_route=\/wp\/v2\/pages\/19","targetHints":{"allow":["GET"]}}],"collection":[{"href":"https:\/\/ifgoiano.com.br\/ifemmovimento\/index.php?rest_route=\/wp\/v2\/pages"}],"about":[{"href":"https:\/\/ifgoiano.com.br\/ifemmovimento\/index.php?rest_route=\/wp\/v2\/types\/page"}],"author":[{"embeddable":true,"href":"https:\/\/ifgoiano.com.br\/ifemmovimento\/index.php?rest_route=\/wp\/v2\/users\/1"}],"replies":[{"embeddable":true,"href":"https:\/\/ifgoiano.com.br\/ifemmovimento\/index.php?rest_route=%2Fwp%2Fv2%2Fcomments&post=19"}],"version-history":[{"count":7,"href":"https:\/\/ifgoiano.com.br\/ifemmovimento\/index.php?rest_route=\/wp\/v2\/pages\/19\/revisions"}],"predecessor-version":[{"id":330,"href":"https:\/\/ifgoiano.com.br\/ifemmovimento\/index.php?rest_route=\/wp\/v2\/pages\/19\/revisions\/330"}],"wp:attachment":[{"href":"https:\/\/ifgoiano.com.br\/ifemmovimento\/index.php?rest_route=%2Fwp%2Fv2%2Fmedia&parent=19"}],"curies":[{"name":"wp","href":"https:\/\/api.w.org\/{rel}","templated":true}]}}